{"id":142,"date":"2015-08-05T07:42:39","date_gmt":"2015-08-05T07:42:39","guid":{"rendered":"http:\/\/www.dynamica.no:8000\/?page_id=142"},"modified":"2020-05-07T07:54:46","modified_gmt":"2020-05-07T07:54:46","slug":"om-oss","status":"publish","type":"page","link":"https:\/\/www.dynamica.no\/?lang=nb","title":{"rendered":"Om oss"},"content":{"rendered":"\n<p>Dynamica AS ble etablert i 1993 med forretningside \u00e5 tilby konsulenttjenester til klienter med behov for kompetanse innen fagomr\u00e5det teknisk kybernetikk; instrumentering, datainnsamling, prosessoverv\u00e5king, dynamisk modellering og -simulering etc.<\/p>\n\n\n\n<p>V\u00e5re kunder fordeler seg p\u00e5 et vidt spekter av fagomr\u00e5der, eksempelvis prosessindustri, smelteverk, energiproduksjon og -distribusjon, hydraulikk, kommunikasjon, fart\u00f8ystyring mm.<\/p>\n\n\n\n<p><\/p><p>Kontakt:<br \/>\ninfo@dynamica.no<\/p>\n\n\n\n<p>Postaddresse:<br \/>\nDynamica AS<br \/>\nc\/o Georg Brustad<br \/>\nMj\u00f8lnervegen 4<br \/>\n7035 Trondheim<br \/>\n<\/p>","protected":false},"excerpt":{"rendered":"<p>Dynamica AS ble etablert i 1993 med forretningside \u00e5 tilby konsulenttjenester til klienter med behov for kompetanse innen fagomr\u00e5det teknisk kybernetikk; instrumentering, datainnsamling, prosessoverv\u00e5king, dynamisk modellering og -simulering etc. V\u00e5re kunder fordeler seg p\u00e5 et vidt spekter av fagomr\u00e5der, eksempelvis prosessindustri, smelteverk, energiproduksjon og -distribusjon, hydraulikk, kommunikasjon, fart\u00f8ystyring mm. Kontakt: info@dynamica.no Postaddresse: Dynamica AS c\/o &hellip; <a href=\"https:\/\/www.dynamica.no\/?lang=nb\" class=\"more-link\">Fortsett \u00e5 lese <span class=\"screen-reader-text\">Om oss<\/span><\/a><\/p>\n","protected":false},"author":1,"featured_media":0,"parent":0,"menu_order":0,"comment_status":"closed","ping_status":"open","template":"","meta":[],"_links":{"self":[{"href":"https:\/\/www.dynamica.no\/index.php?rest_route=\/wp\/v2\/pages\/142"}],"collection":[{"href":"https:\/\/www.dynamica.no\/index.php?rest_route=\/wp\/v2\/pages"}],"about":[{"href":"https:\/\/www.dynamica.no\/index.php?rest_route=\/wp\/v2\/types\/page"}],"author":[{"embeddable":true,"href":"https:\/\/www.dynamica.no\/index.php?rest_route=\/wp\/v2\/users\/1"}],"replies":[{"embeddable":true,"href":"https:\/\/www.dynamica.no\/index.php?rest_route=%2Fwp%2Fv2%2Fcomments&post=142"}],"version-history":[{"count":20,"href":"https:\/\/www.dynamica.no\/index.php?rest_route=\/wp\/v2\/pages\/142\/revisions"}],"predecessor-version":[{"id":537,"href":"https:\/\/www.dynamica.no\/index.php?rest_route=\/wp\/v2\/pages\/142\/revisions\/537"}],"wp:attachment":[{"href":"https:\/\/www.dynamica.no\/index.php?rest_route=%2Fwp%2Fv2%2Fmedia&parent=142"}],"curies":[{"name":"wp","href":"https:\/\/api.w.org\/{rel}","templated":true}]}}